{"id":55,"date":"2024-03-27T14:18:44","date_gmt":"2024-03-27T13:18:44","guid":{"rendered":"https:\/\/chatslounge.pet\/?page_id=55"},"modified":"2024-06-29T00:05:22","modified_gmt":"2024-06-28T22:05:22","slug":"ils-ont-rejoints-leurs-familles","status":"publish","type":"page","link":"https:\/\/chatslounge.pet\/index.php\/ils-ont-rejoints-leurs-familles\/","title":{"rendered":"Port\u00e9es Pr\u00e9c\u00e9dentes"},"content":{"rendered":"\t\t<div data-elementor-type=\"wp-page\" data-elementor-id=\"55\" class=\"elementor elementor-55\" data-elementor-post-type=\"page\">\n\t\t\t\t<div class=\"elementor-element elementor-element-ef49f42 e-flex e-con-boxed e-con e-parent\" data-id=\"ef49f42\" data-element_type=\"container\" data-e-type=\"container\">\n\t\t\t\t\t<div class=\"e-con-inner\">\n\t\t\t\t<div class=\"elementor-element elementor-element-50fec0a elementor-widget elementor-widget-text-editor\" data-id=\"50fec0a\" data-element_type=\"widget\" data-e-type=\"widget\" data-widget_type=\"text-editor.default\">\n\t\t\t\t<div class=\"elementor-widget-container\">\n\t\t\t\t\t\t\t\t\t<p>Chez <strong>Les Chats Lounge<\/strong>, chaque port\u00e9e est unique et pr\u00e9cieuse. Nous avons eu le plaisir de voir grandir de nombreux chatons, chacun apportant joie et amour \u00e0 leur nouvelle famille. Voici un aper\u00e7u de notre pr\u00e9c\u00e9dente port\u00e9e :<\/p><p><strong>Port\u00e9e du 22\/04\/2023<\/strong><br \/><strong>&#8211; Maman : Alice (Brown Blotched Tabby &amp; Blanc, code couleur LOOF NFO N 22 09 69)<\/strong><br \/><strong>&#8211; Papa : Oxydo (Black Silver Mackerel Tabby, code couleur LOOF NFO NS 23 64)<\/strong><\/p><p><strong>1. Until<\/strong><br \/>&#8211; Sexe : M\u00e2le<br \/>&#8211; Couleur : Black Silver Mackerel Tabby<\/p><p><strong>2. U\u00efko<\/strong><br \/>&#8211; Sexe : M\u00e2le<br \/>&#8211; Couleur : Black Silver Blotched Tabby<\/p><p><strong>3. Upsylon<\/strong><br \/>&#8211; Sexe : M\u00e2le<br \/>&#8211; Couleur : Black Silver Mackerel Tabby Bicolore<\/p><p><strong>4. Um\u00e9<\/strong><br \/>&#8211; Sexe : M\u00e2le<br \/>&#8211; Couleur : Brown Blotched Tabby<\/p><p><strong>5. Umber<\/strong><br \/>&#8211; Sexe : Femelle<br \/>&#8211; Couleur : Black Silver Mackerel Tabby<\/p><p><strong>6. Urielle<\/strong><br \/>&#8211; Sexe : Femelle<br \/>&#8211; Couleur : Black Silver Mackerel Tabby Bicolore<\/p><p><strong>7. Uma<\/strong><br \/>&#8211; Sexe : Femelle<br \/>&#8211; Couleur : Brown Mackerel Tabby<\/p><p><strong>8. Ushua\u00efa<\/strong><br \/>&#8211; Sexe : Femelle<br \/>&#8211; Couleur : Black Silver Mackerel Tabby<\/p><p>Nous sommes fiers de chaque chaton qui est n\u00e9 chez nous et nous aimons recevoir des nouvelles de leurs nouvelles familles. Chaque photo de nos anciennes port\u00e9es capture des moments pr\u00e9cieux et montre combien nos chatons ont grandi et se sont \u00e9panouis.<\/p><p>\u00a0<\/p><p>Pour plus de renseignements\u00a0n&#8217;h\u00e9sitez pas \u00e0 vous rendre sur la page contact.<\/p>\t\t\t\t\t\t\t\t<\/div>\n\t\t\t\t<\/div>\n\t\t\t\t\t<\/div>\n\t\t\t\t<\/div>\n\t\t\t\t<\/div>\n\t\t","protected":false},"excerpt":{"rendered":"<p>Chez Les Chats Lounge, chaque port\u00e9e est unique et pr\u00e9cieuse. Nous avons eu le plaisir de voir grandir de nombreux chatons, chacun apportant joie et amour \u00e0 leur nouvelle famille. Voici un aper\u00e7u de notre pr\u00e9c\u00e9dente port\u00e9e : Port\u00e9e du 22\/04\/2023&#8211; Maman : Alice (Brown Blotched Tabby &amp; Blanc, code couleur LOOF NFO N 22 [&hellip;]<\/p>\n","protected":false},"author":1,"featured_media":0,"parent":0,"menu_order":0,"comment_status":"closed","ping_status":"closed","template":"","meta":{"footnotes":""},"class_list":["post-55","page","type-page","status-publish","hentry"],"_links":{"self":[{"href":"https:\/\/chatslounge.pet\/index.php\/wp-json\/wp\/v2\/pages\/55","targetHints":{"allow":["GET"]}}],"collection":[{"href":"https:\/\/chatslounge.pet\/index.php\/wp-json\/wp\/v2\/pages"}],"about":[{"href":"https:\/\/chatslounge.pet\/index.php\/wp-json\/wp\/v2\/types\/page"}],"author":[{"embeddable":true,"href":"https:\/\/chatslounge.pet\/index.php\/wp-json\/wp\/v2\/users\/1"}],"replies":[{"embeddable":true,"href":"https:\/\/chatslounge.pet\/index.php\/wp-json\/wp\/v2\/comments?post=55"}],"version-history":[{"count":9,"href":"https:\/\/chatslounge.pet\/index.php\/wp-json\/wp\/v2\/pages\/55\/revisions"}],"predecessor-version":[{"id":252,"href":"https:\/\/chatslounge.pet\/index.php\/wp-json\/wp\/v2\/pages\/55\/revisions\/252"}],"wp:attachment":[{"href":"https:\/\/chatslounge.pet\/index.php\/wp-json\/wp\/v2\/media?parent=55"}],"curies":[{"name":"wp","href":"https:\/\/api.w.org\/{rel}","templated":true}]}}