{"id":53,"date":"2024-03-27T14:15:08","date_gmt":"2024-03-27T13:15:08","guid":{"rendered":"https:\/\/chatslounge.pet\/?page_id=53"},"modified":"2024-07-06T19:53:28","modified_gmt":"2024-07-06T17:53:28","slug":"kitten-yoga","status":"publish","type":"page","link":"https:\/\/chatslounge.pet\/index.php\/kitten-yoga\/","title":{"rendered":"Kitten Yoga"},"content":{"rendered":"\t\t<div data-elementor-type=\"wp-page\" data-elementor-id=\"53\" class=\"elementor elementor-53\" data-elementor-post-type=\"page\">\n\t\t\t\t<div class=\"elementor-element elementor-element-04c637b e-flex e-con-boxed e-con e-parent\" data-id=\"04c637b\" data-element_type=\"container\" data-e-type=\"container\">\n\t\t\t\t\t<div class=\"e-con-inner\">\n\t\t\t\t<div class=\"elementor-element elementor-element-a976260 elementor-widget elementor-widget-text-editor\" data-id=\"a976260\" data-element_type=\"widget\" data-e-type=\"widget\" data-widget_type=\"text-editor.default\">\n\t\t\t\t<div class=\"elementor-widget-container\">\n\t\t\t\t\t\t\t\t\t<p>Le Kitten Yoga est une exp\u00e9rience unique qui combine les bienfaits du yoga avec la compagnie adorable de chatons, auquel nos petits norv\u00e9giens assistent. Nous sommes ravis de vous proposer cette activit\u00e9 en partenariat avec <strong>Kitten &amp; Puppy Yoga<\/strong>\u00a0\u00e0 Paris, dans le quartier de Ch\u00e2telet.<\/p><p><strong>Qu&#8217;est-ce que le Kitten Yoga ?<\/strong><br \/>Le Kitten Yoga permet aux participants de pratiquer le yoga dans un environnement ludique et apaisant, entour\u00e9 de chatons joueurs et curieux. Cette activit\u00e9 est parfaite pour ceux qui cherchent \u00e0 am\u00e9liorer leur bien-\u00eatre tout en passant un moment agr\u00e9able avec des animaux.<\/p><p><strong>Nos Partenariats et S\u00e9ances<\/strong><br \/>Nous collaborons r\u00e9guli\u00e8rement avec <strong>Kitten &amp; Puppy Yoga<\/strong> pour organiser des s\u00e9ances o\u00f9 nos chatons en sont les petites stars le temps de quelques heures. Nous vous tenons inform\u00e9s des dates \u00e0 venir pour ces s\u00e9ances &#8220;\u00e0 la norv\u00e9gienne&#8221;. Voici les prochaines dates :\u00a0 \u2013 pas de dates pr\u00e9vues pour le moment \u2013<\/p><p><strong>Avantages du Kitten Yoga<\/strong><br \/><strong>&#8211; Relaxation et bien-\u00eatre :<\/strong> La pratique du yoga combin\u00e9e \u00e0 la pr\u00e9sence des chatons aide \u00e0 r\u00e9duire le stress et \u00e0 am\u00e9liorer la flexibilit\u00e9.<br \/><strong>&#8211; Interaction avec les animaux :<\/strong> Profitez de moments de jeu et de c\u00e2lins avec nos adorables chatons.<br \/><strong>&#8211; Exp\u00e9rience unique :<\/strong> Le Kitten Yoga est une activit\u00e9 originale et m\u00e9morable, id\u00e9ale pour les amateurs de yoga et les amoureux des chats.<\/p><p>Pour participer \u00e0 ces s\u00e9ances, veuillez r\u00e9server directement sur le site de <strong><a href=\"https:\/\/www.kitten-and-puppy-yoga.com\/\">Kitten &amp; Puppy Yoga<\/a><\/strong>. Vous pouvez \u00e9galement suivre leurs actualit\u00e9s sur Instagram : <strong><a href=\"https:\/\/www.instagram.com\/kittenandpuppy_yoga\/\">kittenandpuppy_yoga<\/a><\/strong><\/p>\t\t\t\t\t\t\t\t<\/div>\n\t\t\t\t<\/div>\n\t\t\t\t\t<\/div>\n\t\t\t\t<\/div>\n\t\t\t\t<\/div>\n\t\t","protected":false},"excerpt":{"rendered":"<p>Le Kitten Yoga est une exp\u00e9rience unique qui combine les bienfaits du yoga avec la compagnie adorable de chatons, auquel nos petits norv\u00e9giens assistent. Nous sommes ravis de vous proposer cette activit\u00e9 en partenariat avec Kitten &amp; Puppy Yoga\u00a0\u00e0 Paris, dans le quartier de Ch\u00e2telet. Qu&#8217;est-ce que le Kitten Yoga ?Le Kitten Yoga permet aux [&hellip;]<\/p>\n","protected":false},"author":1,"featured_media":0,"parent":0,"menu_order":0,"comment_status":"closed","ping_status":"closed","template":"","meta":{"footnotes":""},"class_list":["post-53","page","type-page","status-publish","hentry"],"_links":{"self":[{"href":"https:\/\/chatslounge.pet\/index.php\/wp-json\/wp\/v2\/pages\/53","targetHints":{"allow":["GET"]}}],"collection":[{"href":"https:\/\/chatslounge.pet\/index.php\/wp-json\/wp\/v2\/pages"}],"about":[{"href":"https:\/\/chatslounge.pet\/index.php\/wp-json\/wp\/v2\/types\/page"}],"author":[{"embeddable":true,"href":"https:\/\/chatslounge.pet\/index.php\/wp-json\/wp\/v2\/users\/1"}],"replies":[{"embeddable":true,"href":"https:\/\/chatslounge.pet\/index.php\/wp-json\/wp\/v2\/comments?post=53"}],"version-history":[{"count":7,"href":"https:\/\/chatslounge.pet\/index.php\/wp-json\/wp\/v2\/pages\/53\/revisions"}],"predecessor-version":[{"id":385,"href":"https:\/\/chatslounge.pet\/index.php\/wp-json\/wp\/v2\/pages\/53\/revisions\/385"}],"wp:attachment":[{"href":"https:\/\/chatslounge.pet\/index.php\/wp-json\/wp\/v2\/media?parent=53"}],"curies":[{"name":"wp","href":"https:\/\/api.w.org\/{rel}","templated":true}]}}